, 3, 11, 17
Let b(y) = 61*y**3 - 4*y**2 + 13*y - 3. List the prime factors of b(3).
3, 61
Let b(x) = 2*x**2 + 8*x - 5. Let m be b(-4). Suppose 3*q + 3*j - 216 = 0, 0*q + 5*j + 252 = 4*q. List the prime factors of q/(5/(m/(-2))).
2, 17
Suppose -18*w + 19*w - 10223 = -5*s, -4*w = 2*s - 4082. What are the prime factors of s?
5, 409
Let f(q) = q**2 - 10*q + 14. Let n be f(11). Let p(g) = -n + 3*g + 4*g + 8. What are the prime factors of p(8)?
3, 13
Let i(m) = -24*m**3 + m**2 - m + 2. Let w be i(-2). Suppose 6*v - 11*v = -w. What are the prime factors of v?
2, 5
Suppose -4*m - 3*g - 20 = -99, -2*m = -4*g - 34. Suppose m*x - 18*x - 96 = 0. Suppose 0*r - 172 = -5*o + r, 3*r + x = 3*o. What are the prime factors of o?
5, 7
Suppose 5*g + 340 = q, -q + 4*g = -6*q + 1758. What are the prime factors of q?
2, 5, 7
Suppose 5*y - 4916 = 18*f - 15*f, 0 = 4*y - 4*f - 3928. What are the prime factors of y?
5, 197
Suppose 0 = -55*l + 52*l + 2826. List the prime factors of l.
2, 3, 157
List the prime factors of (2777/6)/(0 - (-2)/12).
2777
Let d(p) = -p**3 + 11*p**2 + 14*p + 10. Let a(b) = 4*b**3 - 45*b**2 - 55*b - 41. Let l(k) = 2*a(k) + 9*d(k). What are the prime factors of l(6)?
2, 53
Let c(w) = 3*w**3 - 6*w**2 + 4*w - 8. List the prime factors of c(6).
2, 7
Let n = -104 + 237. Let i be (-28)/126 + (-1300)/(-18). Let g = n - i. What are the prime factors of g?
61
Suppose -2*m + 1718 = -4*c, 2*m - 1001 - 717 = c. List the prime factors of m.
859
Let w(a) = -2*a**2 - 15*a + 3. Let q(g) = -g**2 - 8*g + 1. Let d(j) = 7*q(j) - 3*w(j). Suppose -22 = 3*f + 2. What are the prime factors of d(f)?
2, 11
Let h be 273/(-8) + (-4)/(-32). Let j = h - -55. List the prime factors of j*(2 + -1)/1.
3, 7
Let z = -3 - 47. Let i = -17 - z. Suppose 7 = -2*f + i. List the prime factors of f.
13
Suppose 0 = -c - 2*c + 15. Let l(k) = 3 + k - c + 17*k**3 + 2*k - 12*k**3. What are the prime factors of l(1)?
2, 3
Suppose 2*j + 4*g = 6, j + 4*g + 14 = 3*j. Suppose -j*v = -5*c - 425, -4*c + 8*c - 227 = -3*v. List the prime factors of v.
3
Let k be 1596/10 + (0 - (-8)/20). Let t = 335 - k. What are the prime factors of t?
5, 7
Let j(v) = -14*v - 9. Let x be j(10). Let o = x + 32. What are the prime factors of (-4)/(-8) - o/6?
2, 5
Suppose -3*d + 3 = 2*t, 3*t - 3 = -2*d - 6. What are the prime factors of t - -6*196/8?
2, 3
Let a = 430 + -286. Let o = a - -7. What are the prime factors of o?
151
Let z = 199 - 88. Suppose z = -23*b + 26*b. What are the prime factors of b?
37
Let p = 1115 + 762. List the prime factors of p.
1877
Let b = 8 - 4. Suppose 0 = -2*j - 10, b*s = 4*j - 0*j + 20. List the prime factors of (s + 2)*(16 + -1).
2, 3, 5
Let m = -10 + 12. Let z be 2*(-3)/m + 7. List the prime factors of 1 - (-2)/(z/54).
2, 7
List the prime factors of 20/(-3)*4/(200/(-27570)).
2, 919
Let o = 3 + 1. Suppose -3*x + 112 = -o*f, -5*x - 3*f + 0*f = -206. List the prime factors of x.
2, 5
Let v be (-2 - (-2 + 0)) + 3. Suppose v*u = l - 100, u + l + l = -24. Let s = 60 + u. What are the prime factors of s?
2, 7
Let a be (-6)/21 + (-79)/(-7). Let l be (-30)/90*-2*(-294)/(-4). Let z = a + l. List the prime factors of z.
2, 3, 5
Suppose 30 = 2*s + 4*c, 0*s - 4*c - 5 = -5*s. Suppose h = s*h - 56. What are the prime factors of 441/h + (-2)/(-4)?
2
Let i(a) be the first derivative of a**3/3 + a**2/2 + 4*a - 102. Let u = -5 + 9. List the prime factors of i(u).
2, 3
Suppose 0 = -o + 1282 - 339. What are the prime factors of o?
23, 41
Suppose -10*d - 7728 = -17*d. What are the prime factors of d?
2, 3, 23
Let i(f) = 13*f**3 + 43*f**2 + 67*f + 33. Let z(o) = -3*o**3 - 11*o**2 - 17*o - 8. Let k(y) = -2*i(y) - 9*z(y). List the prime factors of k(-11).
3, 13
Suppose 4*i = 14*i + 1130. Let h = -104 - i. What are the prime factors of h?
3
Suppose 62*f = 63*f - 663. List the prime factors of f.
3, 13, 17
Suppose -2*u = -2*w - 202, -w = -2*u - 0*w + 203. Suppose -336 + u = -3*c. List the prime factors of c.
2, 3, 13
Suppose -4*c - 2*v = -4 - 16, -2*v = 3*c - 15. Suppose -3*y + 2*y = 3*g - 45, c*y = 3*g + 135. What are the prime factors of -1 + -1 + (y - -2)?
2, 3, 5
Let i be 1/8 - 2301/(-24). Suppose 5*f - 304 = -5*n + 276, -4*f - i = -n. What are the prime factors of n?
2, 7
Let m(y) = -y**3 + 9*y**2 - 7*y - 1. Suppose -2*k - 4*r = -30, -79 + 3 = -4*k - 4*r. Suppose -k = -3*p + 1. List the prime factors of m(p).
7
What are the prime factors of 94*6 + 0 - (-90)/18?
569
Let l = -33 + 38. Suppose f + 5*m + 13 = 0, l*m + 4 = 4*f + 6. What are the prime factors of (-4)/(-12) + (-98)/f?
3, 11
Suppose 0 = -5*w - 4*o + 685, -w + 527 = 3*w - o. What are the prime factors of w?
7, 19
Let v(t) = 7*t**3 - 8*t**2 + 3*t + 5. Let p(x) = -15*x**3 + 16*x**2 - 6*x - 10. Let j(i) = -6*p(i) - 13*v(i). What are the prime factors of j(7)?
23
Suppose 5*w = 4*l - 164, 0*l + 48 = l - 3*w. Suppose 294 + l = 5*r. List the prime factors of r.
2, 3, 11
Let x(m) = -m + 9. Let o be x(5). Let v be 10/(-4 - 1) + o. Suppose -5*l - v*w + 331 = 0, -4*l + l = 4*w - 193. What are the prime factors of l?
67
Let k = -66 + -44. Let t = k - -178. List the prime factors of t.
2, 17
Let g = -4166 + 8503. What are the prime factors of g?
4337
Let j(g) be the second derivative of g**4/12 - 2*g**3/3 + 8*g**2 - 3*g. List the prime factors of j(-6).
2, 19
Suppose c = 3*w - 7, -c = -3*w - 2*w + 9. Let t be c*(30/(-8) + 2). Let m = t + -5. List the prime factors of m.
2
Let u(s) = -8*s**3 - 2*s**2 + 3*s + 4. Let h be u(-1). Suppose 3*c + h = 34. What are the prime factors of c?
3
Suppose -2*i + 27 = 5*w - 5, 0 = i - w - 9. Suppose -2*k - 3*k + 5*p = -5, -4*p + i = -k. Let c = 2 + k. What are the prime factors of c?
7
Suppose -29*p = -34*p + 3330. List the prime factors of p.
2, 3, 37
Let w be -5*(-4)/20 - -1. Suppose s + 1256 = 4*s + l, 860 = w*s - 5*l. What are the prime factors of (s/18)/((-2)/(-6))?
2, 5, 7
What are the prime factors of (-1250)/(-4)*33/220*24?
3, 5
Let f(w) = 189*w + 56. Let b(h) = -1228*h - 364. Let s(t) = 5*b(t) + 32*f(t). What are the prime factors of s(-3)?
2, 31
Let t be (-234)/(-21) - (-1)/(-7). Suppose -150 = -f + 2*j, f - 6*j + t*j - 129 = 0. Let r = f - 99. What are the prime factors of r?
3, 5
Let k = -12 - -11. What are the prime factors of (-6 - -7) + (-33)/k?
2, 17
Suppose 0 = -p - p - 6. Let u(j) = -2*j**3 - 3*j**2 + 5*j + 3. Let k be u(p). Let s = -13 + k. List the prime factors of s.
2
Suppose -3*g - 71 = -773. List the prime factors of g.
2, 3, 13
List the prime factors of 390*(3 + (-102)/(-12)).
3, 5, 13, 23
Suppose 0 = -2*i + 4*z + 2502, -2*i - 3*z = -85 - 2445. List the prime factors of i.
1259
Let z(a) = -48*a - 70. What are the prime factors of z(-4)?
2, 61
Let x(j) = -j**3 + 27*j**2 + 92*j - 25. What are the prime factors of x(28)?
3, 19, 31
Suppose 4*n - 1074 = 2*i + 684, -5*n = -5*i - 2195. List the prime factors of n.
2, 5, 11
Let o(p) = -p**3 + 3*p**2 + p - 3. Let i be o(3). Suppose -10*d + 15*d - 50 = i. List the prime factors of d.
2, 5
Let q(b) = -b**2 + 3*b - 2. Let f be q(2). Suppose f*i = 5*i - 5. List the prime factors of (0 + 0 - -7)/i.
7
Let z(c) = 5*c**3 + 2*c**2 - 3*c + 3. Let d = -4 + 6. Let m be z(d). What are the prime factors of 1*m*18/30?
3
Let v be 6/10*(7 - 2). Suppose -4*g + 247 = v*s + 7, -4*s + 289 = -5*g. What are the prime factors of s?
2, 19
Suppose 3*c = 4*u - 0*c - 60, 5*c = 3*u - 34. Suppose -u = -t + 42. List the prime factors of t.
2, 3, 5
Suppose 2*g - 2 + 20 = 0. Let f(j) = -j + 4. Let u be f(-7). Let s = u - g. What are the prime factors of s?
2, 5
Let y be (13/2)/(1/2). Let h be (4/6)/((-8)/(-144)). Let l = y + h. What are the prime factors of l?
5
Let n(d) = -d**2 + 8*d - 4. Let b be n(7). Suppose -5*a - 5*z + 195 = 0, b*z - 32 = -2*a + 45. List the prime factors of a.
2, 5
Let k = -112 + 117. Suppose 0 = k*j + 9*j - 3780. What are the prime factors of j?
2, 3, 5
Let n be 4 + (2 - (-3 + -1)). Suppose 142 = 2*c - n. List the prime factors of c.
2, 19
Suppose -d + 4 = 2*x - x, 4*d - 8 = 0. Let y(b) = -2*b + 1. Let f be y(x). What are the prime factors of (f - -42) + 3*1?
2, 3, 7
Suppose 2*z = 5*v - 18, 8 = -4*z - 8. Suppose 41 = w - v*w. List the prime factors of (0 - -3)*w/(-3).
41
Let r = -107 + 206. Let u = 32 + r. List the prime factors of u.
131
Let i = 153 - 82. What are the pr